68231 and 6699?
957
Calculate the highest common factor of 93068 and 14204.
212
Calculate the highest common divisor of 476 and 921767.
7
What is the highest common divisor of 2161598 and 9006?
158
What is the greatest common factor of 214564 and 140?
28
Calculate the highest common factor of 99282810 and 66.
66
Calculate the greatest common factor of 57899175 and 75.
75
Calculate the highest common divisor of 6 and 177128646.
6
What is the highest common factor of 246 and 4457274?
246
What is the highest common factor of 155980728 and 648?
648
What is the greatest common factor of 21059694 and 40779?
1773
What is the highest common factor of 450536 and 663352?
2264
Calculate the highest common divisor of 98 and 3306044.
14
What is the greatest common factor of 403858 and 9651382?
8242
What is the highest common factor of 74146 and 5883734?
262
What is the greatest common divisor of 9922675 and 5600?
175
What is the greatest common factor of 1573 and 280841?
121
What is the greatest common factor of 314 and 61485753?
157
Calculate the highest common factor of 20874 and 398594.
994
What is the greatest common divisor of 68806607 and 181?
181
What is the highest common divisor of 166644 and 1538371?
1543
What is the greatest common factor of 1241147 and 651?
31
Calculate the highest common divisor of 703 and 1536397.
19
Calculate the highest common factor of 34515018 and 6.
6
Calculate the greatest common factor of 55498115 and 1990.
995
Calculate the highest common factor of 2388 and 355289028.
2388
What is the highest common factor of 70516880 and 5488?
784
Calculate the greatest common factor of 99532741 and 473.
11
What is the highest common divisor of 5514143 and 57691?
1861
Calculate the highest common factor of 1452051 and 18.
9
What is the greatest common divisor of 976806 and 441?
9
Calculate the highest common factor of 20302862 and 71706.
1258
Calculate the greatest common factor of 78056601 and 21.
21
Calculate the greatest common divisor of 43368 and 116844.
156
What is the highest common divisor of 2673 and 51792939?
891
What is the greatest common factor of 127 and 19559651?
127
Calculate the highest common divisor of 1237553 and 26967.
101
Calculate the greatest common divisor of 1139 and 15614551.
1139
What is the greatest common factor of 21554 and 322790?
26
Calculate the greatest common factor of 109 and 113.
1
Calculate the highest common factor of 419744 and 112736.
416
What is the greatest common divisor of 827 and 13577686?
827
What is the greatest common divisor of 831488 and 14384?
464
What is the greatest common divisor of 180 and 4662270?
90
Calculate the highest common divisor of 1296 and 756104868.
324
What is the greatest common factor of 32394027 and 1553?
1553
What is the highest common factor of 921709 and 12787?
19
What is the greatest common divisor of 29734452 and 253692?
8748
What is the greatest common divisor of 46876176 and 208?
16
What is the highest common divisor of 140 and 42879004?
28
What is the highest common divisor of 12330 and 10539410?
1370
Calculate the greatest common divisor of 993750056 and 208.
104
What is the greatest common divisor of 2757 and 13133429?
919
Calculate the highest common divisor of 93808988 and 364.
364
What is the greatest common divisor of 91 and 1393676011?
91
Calculate the highest common factor of 248 and 360671918.
62
Calculate the greatest common factor of 2601766 and 333.
37
What is the highest common factor of 1226127 and 525?
21
What is the greatest common divisor of 42474405 and 360?
15
What is the highest common factor of 83288480 and 2558?
2558
Calculate the highest common divisor of 9179341 and 5307.
1769
Calculate the greatest common divisor of 3014984 and 19992.
952
Calculate the highest common factor of 41909940 and 1890.
270
What is the greatest common factor of 748235 and 1286070?
1315
Calculate the highest common factor of 3272262 and 2380.
238
What is the highest common divisor of 8 and 434574?
2
Calculate the greatest common divisor of 222 and 8639870.
74
Calculate the highest common factor of 131879 and 8987.
209
Calculate the highest common divisor of 312149 and 110370.
283
What is the greatest common divisor of 3496175 and 17113?
109
What is the highest common divisor of 58720746 and 12?
6
Calculate the greatest common factor of 657 and 471703735.
73
Calculate the greatest common divisor of 1378894 and 1369748.
538
What is the greatest common factor of 1004 and 4119161?
251
What is the greatest common divisor of 112 and 14059444?
28
What is the highest common divisor of 870 and 801510?
30
What is the highest common divisor of 4270 and 65051?
7
What is the highest common factor of 5210932 and 257?
257
Calculate the greatest common divisor of 1629003 and 1691.
19
What is the highest common factor of 17065420 and 4180?
380
Calculate the greatest common divisor of 946 and 36927067.
43
What is the highest common divisor of 17421504 and 93?
93
Calculate the greatest common divisor of 5261565 and 2895.
15
What is the greatest common factor of 1165029 and 38211?
813
What is the highest common factor of 54 and 170322?
6
What is the highest common factor of 21313565 and 3370?
1685
What is the highest common factor of 82333 and 116321?
293
Calculate the highest common divisor of 4153113 and 29751.
633
Calculate the highest common divisor of 3473984 and 214272.
1984
What is the greatest common divisor of 35 and 1059670?
5
What is the highest common divisor of 313422319 and 1087?
1087
What is the highest common factor of 17174500 and 48020?
980
What is the highest common factor of 576 and 665240?
8
What is the highest common factor of 8 and 1502572?
4
Calculate the highest common factor of 7644 and 286728.
156
What is the highest common factor of 882790641 and 639?
639
Calculate the highest common divisor of 4040947 and 406.
29
Calculate the greatest common factor of 12278418 and 26.
2
Calculate the greatest common divisor of 27705720 and 12600.
840
What is the greatest common factor of 4723282 and 17630?
82
Calculate the greatest common factor of 875888 and 2912.
208
What is the highest common divisor of 19562385 and 87?
87
Calculate the highest common divisor of 986 and 317621166.
986
Calculate the greatest common factor of 5010525 and 2430675.
8775
What is the highest common factor of 36181957 and 7?
7
Calculate the highest common divisor of 55789151 and 77.
11
What is the greatest common divisor of 522776 and 10872?
8
What is the highest common factor of 4150 and 3734950?
50
What is the highest common divisor of 26676 and 413592?
228
What is the highest common divisor of 1062 and 11352662?
118
What is the highest common factor of 3358554 and 597873?
969
Calculate the highest common divisor of 1474920 and 4860.
180
What is the highest common factor of 1211721456 and 4496?
4496
Calculate the highest common factor of 26767236 and 14154.
2022
Calculate the greatest common divisor of 13015 and 8427830.
95
Calculate the greatest common divisor of 8607 and 47107923.
453
What is the greatest common divisor of 647520 and 397860?
1140
Calculate the greatest common factor of 7096430 and 88.
22
What is the greatest common factor of 526623 and 4617?
57
What is the greatest common factor of 20 and 10819028?
4
Calculate the highest common divisor of 1071620995 and 57.
19
Calculate the highest common factor of 679926 and 6348.
138
What is the highest common divisor of 64 and 15043384?
8
What is the highest common factor of 1733112 and 324?
36
What is the greatest common divisor of 914498 and 1050634?
442
What is the highest common divisor of 206502 and 78613?
127
What is the highest common divisor of 2994 and 197448?
6
Calculate the greatest common factor of 1023840 and 27729.
2133
Calculate the highest common divisor of 410464 and 3409696.
4064
Calculate the highest common factor of 222002 and 1562.
22
What is the highest common divisor of 2924 and 2750667?
43
Calculate the greatest common factor of 72 and 548634888.
72
Calculate the greatest common factor of 16135463 and 626.
313
Calculate the greatest common divisor of 13226584 and 7657.
589
What is the greatest common divisor of 466745232 and 1776?
1776
Calculate the highest common divisor of 588 and 154345443.
147